 = p(f) + 3*x(f). Give i(r).
-2
Let c(j) = 4*j**2 + 12*j - 2. Let d(f) = 13*f**2 + 39*f - 5. Let m(p) = -16*c(p) + 5*d(p). Give m(-3).
7
Let j(q) = 2*q + 6*q**2 + 10*q**3 + 13*q**3 - 22*q**3 + 9. Suppose -5*h - 14 = 16. Determine j(h).
-3
Let y(s) = 32 - 8*s + 33*s + 11*s**2 - 32*s. Let p(j) = 21*j**2 - 13*j + 58. Let a(x) = 6*p(x) - 11*y(x). What is a(-2)?
18
Let o(t) = t**2 + 121*t + 475. Suppose 524*g - 3*b = 528*g + 37, 5*g - b + 13 = 0. What is o(g)?
7
Let h = -168 + 174. Let b(v) be the third derivative of v**6/120 - 3*v**5/20 + 5*v**4/6 - v**3 + 10*v**2. Calculate b(h).
6
Let p(b) = -b**3 - 6*b**2 - 6*b - 4. Let n = 8 - 7. Suppose 4*o = -2*l - 22, n = -5*l - 4. Calculate p(o).
1
Suppose 40*g - 43*g + 9 = 0. Let m(c) = -3*c + 8*c**g + c**2 + 2*c - 12*c**3 + 0*c. Give m(1).
-4
Let w(q) = -3*q**2 + 19*q + 113. Let v(j) = j**2 + j - 18. Let h(s) = -4*v(s) - w(s). Determine h(-18).
49
Let f(z) = -15*z + 24*z + 0 - 3 - 13*z. Let s(x) = 5*x + 2. Let l(p) = 6*f(p) + 5*s(p). Determine l(7).
-1
Let c(t) = -4*t**2 - 142*t + 378. Let x be c(-38). Let r(n) = -2*n**3 - n**2 + 2*n + 1. What is r(x)?
9
Let v(a) = -446 + 35*a**2 - a**3 + 34*a - 472 + 993. Determine v(36).
3
Let m = 346 - 345. Let f(r) = -1653*r - 11 + m + 1 + 1655*r - 8. Calculate f(8).
-1
Suppose 240*b - 1029 = 983 - 332. Let z(c) = -c**2 + 7*c + 14. Calculate z(b).
14
Let z(x) = -3*x**3 - 38*x**2 + 13*x - 2. Let c = 3724 + -3737. Give z(c).
-2
Suppose -58 = -9*q - 13. Let p(b) = b**3 - 6*b**2 + 6*b. What is p(q)?
5
Let g(k) be the first derivative of k**3/3 + 2*k**2 - 7*k - 2. Let u be 0*(-6 + 26/4). Let l be u + -4*(-35)/(-28). What is g(l)?
-2
Let c(s) = s - 17. Let h(u) = -u**2 - 9*u + 18. Let v be h(-8). Let r = -13 - v. Let x be ((-104)/r)/(1/3). Give c(x).
-9
Let f(y) = 6*y**2 + 39*y + 45. Let x(v) = 17*v**2 + 106*v + 136. Let h(s) = -14*f(s) + 5*x(s). What is h(5)?
-5
Let f(j) = -3*j**2 + 12*j + 3. Let l be 84/(-756) + -2 + (-110)/(-18). What is f(l)?
3
Let p = -6 - -9. Suppose 0 = q - 5*t - 22, 2*q - 6*q = -t - 12. Let l(b) = -b + 1 + b**2 - q*b**2 + 4*b + 0*b**2. What is l(p)?
1
Let v(k) = 13*k - 472. Let l(o) = 6*o**2 + 48*o - 84. Let y be l(-10). What is v(y)?
-4
Let d(n) = -5*n**2 + 10*n + 234. Let y(j) = 2*j**2 + j - 62. Let u(l) = -d(l) - 3*y(l). Calculate u(-11).
-26
Let m(h) be the second derivative of h**3/6 + 19*h**2/2 + 895*h + 1. Determine m(-3).
16
Let t(l) = -l**3 - 12*l**2 - 16*l + 185. Let h(g) = 2*g**3 + 25*g**2 + 31*g - 441. Let s(d) = 3*h(d) + 7*t(d). Calculate s(-7).
7
Let c(s) be the third derivative of s**6/120 - 7*s**5/60 - s**4/8 + 7*s**3 + 77*s**2 + 17. Give c(7).
21
Let x = -54294 + 54288. Let s(b) be the second derivative of -b**4/12 - 7*b**3/6 - 2*b**2 - b. Give s(x).
2
Let j(t) = -3. Let i(w) = 2*w**2 + 12*w + 4. Let m(y) = i(y) + 6*j(y). What is m(-7)?
0
Let w(f) be the first derivative of 10 + 1/2*f**2 - 2*f - 1/3*f**3. Determine w(-3).
-14
Let i be 5/(-1) - (-108)/18. Suppose 2*a = -2*v + 16, 5*a - i = -2*v + 6*a. Let p(d) = d**2 - 2*d + 1. Determine p(v).
4
Let m = -288 - -290. Suppose -3*x + 20 = 5*c, -4*c = -2*x + 4 + m. Let v(p) = -12*p. Calculate v(c).
-12
Let d(v) = -4*v**2 + v + 8. Let t(b) = -2*b**2 + 2*b - 27 + 30 - b. Let a(k) = 3*d(k) - 7*t(k). Give a(3).
9
Suppose 5*m + 365 - 40 = 0. Let j be 78/m*(2 + 3). Let v(g) = -5*g. Calculate v(j).
30
Suppose 2*s + v - 21 = -10, s - 5 = -v. Let r(t) be the third derivative of 0*t + 2/3*t**3 + 1/24*t**4 - 38*t**2 - 1/120*t**s + 0 + 1/10*t**5. Determine r(6).
10
Let z(w) be the first derivative of w**4/12 - w + 4. Let u(p) be the first derivative of z(p). Calculate u(0).
0
Suppose -8*w - 8 = -2*t - 10*w, -2*t + w = -2. Let p(b) = -2*b**2 + 7*b - 11. Determine p(t).
-5
Let i(n) be the third derivative of 0*n - 5/12*n**4 + 1/60*n**5 - n**2 + 0 - 1/2*n**3. Suppose -6*t + 61 - 7 = 0. Calculate i(t).
-12
Let b(v) = 41 + 12*v - 93 + 52 - 14*v. What is b(-10)?
20
Let m(k) = -k**3 - 15*k**2 + 17*k + 24. Let g(l) = 2*l**2 + 37*l + 35. Let a be g(-17). What is m(a)?
8
Let i(t) = 15*t - 18961 - 11*t + 18941. What is i(-2)?
-28
Let a(s) = s**3 - s + 5. Let d(x) = 483*x - 4830. Let m be d(10). Determine a(m).
5
Let t = 5255 + -5254. Let v(h) = 14*h**2 - 4*h + 2. Calculate v(t).
12
Let v(t) = -53*t**2 - 61*t**2 + 165*t**2 - t - 49*t**2 + 2*t**3 - 1. What is v(-2)?
-7
Let v = -2990 - -2983. Let f(w) = -w**3 - 5*w**2 + 14*w - 2. Determine f(v).
-2
Suppose -4*t + 15 + 17 = 0. Let y(w) be the first derivative of -60 + 1/3*w**3 + 3*w - 9/2*w**2. Determine y(t).
-5
Let t = -45 + 42. Let d be (t/2)/((-9)/(-18)). Let k(w) = w**3 + w**2 + 1. Let i(c) = -4*c**3 - 9*c**2 - 3*c + 1. Let u(b) = i(b) + 3*k(b). Determine u(d).
-14
Let j(u) = 3*u**3 + u**2 + u - 58. Let s(w) = -4*w**3 - w**2 - w + 66. Let n(c) = 8*j(c) + 7*s(c). Determine n(2).
-28
Suppose 5*y = 4*v - 491, 196 = -4*y + 3*v - 197. Let g = 101 + y. Let x(t) = -5*t**2 - t**2 + 7*t**2 + g + 6*t. Give x(-7).
9
Let p = -18072 - -18087. Let d(w) = -w**2 + 3*w**2 - 2 + 17*w - 3*w**2 - 26. Calculate d(p).
2
Let p = 15414 + -15406. Let r(w) = -5*w**2 + 41*w - 6. What is r(p)?
2
Let i = 694 - 687. Let s(w) = i - 9 + 0 + 2*w - w**3 - 3 + 4*w**2. Calculate s(4).
3
Let z = -6925 + 6919. Let f(o) = -o**2 + 3*o + 10. Determine f(z).
-44
Let y(b) = -5 + 6*b + 48*b - 63*b. What is y(2)?
-23
Let s(c) = 3*c**2 + 1. Let g(p) = 11 + 2*p**2 + 2 - 13*p + 6*p**2 - 2. Let n(h) = g(h) - 3*s(h). What is n(-13)?
8
Let m = -5 + -1. Let h(b) be the second derivative of 9*b - 3*b**2 + 0 + b**3 + 1/12*b**4. What is h(m)?
-6
Let s(i) = i**3 + 23*i**2 - 24*i - 4. Suppose -36*a + 64 = -3*h - 32*a, -4*h + 3*a = 90. Determine s(h).
-4
Let l(d) = -d**2 - 1008*d + 11 + 405*d + 299*d + 313*d. Let t = -25 + 36. Calculate l(t).
-11
Let o(g) = g**3 - g**2 - 15*g - 12. Let v be o(5). Suppose 5*q + v*q + 126 = 0. Let p(h) = -h**3 - 6*h**2 + 8*h + 3. Calculate p(q).
-4
Let j(z) = -z + 6. Let b be j(0). Let u(x) = 24*x - 19. Let s(t) = 34*t - 26. Let c(p) = 5*s(p) - 7*u(p). What is c(b)?
15
Let p(l) be the first derivative of 3*l**4 - 2*l**3/3 - 2*l**2 - 2*l - 1974. Calculate p(-1).
-12
Let o be (2 + (-3)/6)*(-6)/(-9). Let h(u) = 7 - o - 6*u - 7. Determine h(-1).
5
Let r(i) be the third derivative of i**4/4 - i**3 + 121*i**2. Let z(n) = -2*n - 2. Let j(a) = r(a) - 2*z(a). What is j(3)?
28
Let v = 1549 + -1541. Let x(r) = 8*r - 26. What is x(v)?
38
Let j be 7/14*1*(1*-24)/6. Let c(d) = -1 + d**3 - 3 + 3*d**2 + 4*d + 5. Calculate c(j).
-3
Let h(n) be the first derivative of n**2/2 + 3*n + 1. Let r be ((-63)/(-42))/((-1)/36). Let x be r + 59 + -1 + -7. What is h(x)?
0
Let s = 8026 + -8021. Let f(x) = -2*x**2 + 8*x + 11. Calculate f(s).
1
Let z(n) be the first derivative of -n**3/3 + 5*n**2/2 + 74*n - 54. Let b(u) be the first derivative of z(u). Calculate b(3).
-1
Let p(d) = -8*d**2 + 34*d - 140. Let o(v) = -5*v**2 + 16*v - 70. Let w(y) = -5*o(y) + 3*p(y). Determine w(3).
5
Let j(n) = -2*n**2 - 29*n + 7. Let i(a) = 177*a + 2286. Let t be i(-13). Calculate j(t).
-8
Let o(m) = -31*m - 72. Let j be o(-2). Let b(t) be the first derivative of -t**4/4 - 11*t**3/3 - 5*t**2 + 1. What is b(j)?
0
Let r(h) = -h - 26. Let a(d) = -5*d - 157. Let b(o) = -a(o) + 6*r(o). Let x = 17 + -11. Calculate b(x).
-5
Let i(y) = 4*y**2 + 83*y + 56. Suppose -147*j - 62*j = 80*j + 5780. Determine i(j).
-4
Let b(c) = 7*c - 28. Let q(a) = a**3 - 45*a**2 - 87*a - 325. Let s be q(47). Calculate b(s).
0
Suppose 33*s = 29*s + 8. Let g be (-10)/15 + s + 3/(-9). Let v be -3*g - -2*15/10. Let k(r) = -r + 3. Give k(v).
3
Let t be (-1)/((-343)/(-714) + 1/(-2)). Let g(i) = -74 - t - i + 110. Calculate g(0).
-15
Let y(z) = -2*z - 41. Let o(h) = 43*h**2 - 254*h - 19. Let n be o(6). What is y(n)?
-51
Suppose 20 = 10*i + 7*i - 422. Let b(g) = g - 20. Give b(i).
6
Let v be 0*((-4)/(-8) + 0). Let x(t) = 8*t**2 + 13*t + 10. Let i(n) = 7*n**2 + 11*n + 9. Let q(k) = 7*i(k) - 6*x(k). Calculate q(v).
3
Let u(p) = -8*p**2 - 3*p + 2. Suppose 4 = -4*y, 5*z + 2*y + 3 + 4 = 0. Let d(l) = 16*l + 18. Let v be d(z). Give u(v).
-36
Let c(i) = i - 4. Let b = -59 - -61. Let m be ((-7 - 2/b) + -2)/2. Give c(m).
-9
Let g(y) be the second derivative of -y**5/10 - y**4/12 - 17*y**3/6 + y**2 - 6*y + 8. Give g(0).
2
Suppose 55 = -4*l + 15*l. Let b(u) = u**2 + 2 + u - l*u